{"id":11,"date":"2013-05-07T21:23:56","date_gmt":"2013-05-07T21:23:56","guid":{"rendered":"https:\/\/www.sebastianlondono.com\/?page_id=11"},"modified":"2015-03-11T01:02:21","modified_gmt":"2015-03-11T06:02:21","slug":"contacto","status":"publish","type":"page","link":"https:\/\/www.sebastianlondono.com\/?page_id=11","title":{"rendered":"<!--:en-->Contact Us<!--:--><!--:es-->Contacto<!--:-->"},"content":{"rendered":"<p><!--:es-->[wrapper][column class=&#8221;1\/2&#8243;]<\/p>\n<h3 style=\"text-align: center;\">\u00a1\u00a1\u00a1Generar impacto positivo es clave para el \u00e9xito de t\u00fa proyecto y que \u00e9ste capte la atenci\u00f3n de tu P\u00fablico Objetivo!!!<\/h3>\n<p style=\"text-align: center;\">Gracias por entrar en contacto con nosotros y hacer\u00a0que otras personas fijen su atenci\u00f3n <strong>T\u00fa Proyecto&#8230;<\/strong><\/p>\n<p style=\"text-align: center;\"><p class=\"wpcf7-contact-form-not-found\"><strong>Error:<\/strong> Formulario de contacto no encontrado.<\/p>[\/column]<\/p>\n<p style=\"text-align: center;\"><span style=\"line-height: 1.5em;\">[column class=&#8221;1\/2 last&#8221; ]\u00a0<\/span><\/p>\n<p style=\"text-align: center;\"><a href=\"https:\/\/www.sebastianlondono.com\/wp-content\/uploads\/2013\/05\/produccion.jpg\"><img fetchpriority=\"high\" decoding=\"async\" alt=\"Contacto\" src=\"https:\/\/www.sebastianlondono.com\/wp-content\/uploads\/2013\/05\/produccion-1024x658.jpg\" width=\"480\" height=\"308\" \/><\/a><\/p>\n<p style=\"text-align: center;\"><strong>Bogot\u00e1 \u2013 COLOMBIA<\/strong><br \/>\nCel: +57 314 436 9196 Inter: +1 631 8876432<br \/>\nCarrera 56 No. 16Sur-50 Interior 1-303<br \/>\n<strong>\u00a0<a href=\"mailto:info@sebastianlondono.com\">info@sebastianlondono.com<\/a><\/strong><\/p>\n<p>[\/column] [\/wrapper]<\/p>\n<p><!--:--><\/p>\n<p><!--:en-->[wrapper][column class=&#8221;1\/2&#8243;]<\/p>\n<h3 style=\"text-align: center;\">Generate positive impact is key to the success of your project and it captures the attention of your Target !!!<\/h3>\n<p style=\"text-align: center;\">Thank you contact us and make other people turn their attention <strong>Your Project&#8230;<\/strong><\/p>\n<p style=\"text-align: center;\"><p class=\"wpcf7-contact-form-not-found\"><strong>Error:<\/strong> Formulario de contacto no encontrado.<\/p>[\/column]<\/p>\n<p style=\"text-align: center;\">[column class=&#8221;1\/2 last&#8221; ]<\/p>\n<p style=\"text-align: center;\"><a href=\"https:\/\/www.sebastianlondono.com\/wp-content\/uploads\/2013\/05\/produccion.jpg\"><img fetchpriority=\"high\" decoding=\"async\" alt=\"Contacto\" src=\"https:\/\/www.sebastianlondono.com\/wp-content\/uploads\/2013\/05\/produccion-1024x658.jpg\" width=\"480\" height=\"308\" \/><\/a><\/p>\n<p style=\"text-align: center;\"><strong>Bogot\u00e1 \u2013 COLOMBIA<\/strong><br \/>\nCel: +57 314 436 9196 Inter: +1 631 8876432<br \/>\nCarrera 56 No. 16Sur-50 Interior 1-303<br \/>\n<strong><a href=\"mailto:info@sebastianlondono.com\">info@sebastianlondono.com<\/a><\/strong><\/p>\n<p>[\/column][\/wrapper]<br \/>\n<!--:--><\/p>\n","protected":false},"excerpt":{"rendered":"<p>[wrapper][column class=&#8221;1\/2&#8243;] \u00a1\u00a1\u00a1Generar impacto positivo es clave para el \u00e9xito de t\u00fa proyecto y que \u00e9ste capte la atenci\u00f3n de tu P\u00fablico Objetivo!!! Gracias por entrar en contacto con nosotros y hacer\u00a0que otras personas fijen su atenci\u00f3n T\u00fa Proyecto&#8230; [\/column] [column class=&#8221;1\/2 last&#8221; ]\u00a0 Bogot\u00e1 \u2013 COLOMBIA Cel: +57 314 436 9196 Inter: +1 631&#8230;<\/p>\n","protected":false},"author":1,"featured_media":0,"parent":0,"menu_order":6,"comment_status":"closed","ping_status":"closed","template":"","meta":{"footnotes":""},"class_list":["post-11","page","type-page","status-publish","hentry"],"_links":{"self":[{"href":"https:\/\/www.sebastianlondono.com\/index.php?rest_route=\/wp\/v2\/pages\/11","targetHints":{"allow":["GET"]}}],"collection":[{"href":"https:\/\/www.sebastianlondono.com\/index.php?rest_route=\/wp\/v2\/pages"}],"about":[{"href":"https:\/\/www.sebastianlondono.com\/index.php?rest_route=\/wp\/v2\/types\/page"}],"author":[{"embeddable":true,"href":"https:\/\/www.sebastianlondono.com\/index.php?rest_route=\/wp\/v2\/users\/1"}],"replies":[{"embeddable":true,"href":"https:\/\/www.sebastianlondono.com\/index.php?rest_route=%2Fwp%2Fv2%2Fcomments&post=11"}],"version-history":[{"count":5,"href":"https:\/\/www.sebastianlondono.com\/index.php?rest_route=\/wp\/v2\/pages\/11\/revisions"}],"predecessor-version":[{"id":2116,"href":"https:\/\/www.sebastianlondono.com\/index.php?rest_route=\/wp\/v2\/pages\/11\/revisions\/2116"}],"wp:attachment":[{"href":"https:\/\/www.sebastianlondono.com\/index.php?rest_route=%2Fwp%2Fv2%2Fmedia&parent=11"}],"curies":[{"name":"wp","href":"https:\/\/api.w.org\/{rel}","templated":true}]}}